i) = j*p(i) - 6*f(i). Calculate h(-6).
-6
Suppose 4*q - w - 2*w = -3, 2*w - 4 = 2*q. Let h(p) = 4 + 1 - q*p + 0. Let i be ((-2)/(-6))/(4/60). What is h(i)?
-10
Let v = 34 - 31. Let b(d) = -d**3 + 3*d**2 - 2*d + 3. Give b(v).
-3
Let w(u) = -3 + 10*u**2 + 5 - 11*u**2. Let r be 2 + (-1 - (0 + -1)). Let g = 0 - r. Determine w(g).
-2
Let u(y) = 1 + 9*y**2 - 8*y**2 + 6*y - 3 + 0. Give u(-5).
-7
Let a(z) = -3 + 3 - z**2 - 4*z - 6. Let k(m) = -4*m - 3. Let y be k(6). Let f be (-3)/(y/(-6))*6. What is a(f)?
-6
Let m(o) = -o + 18. Let z be m(9). Suppose 0 = 4*g + z + 11. Let w(t) = t**3 + 6*t**2 + 3*t - 1. Calculate w(g).
9
Let f(y) = -y**3 - 8*y**2 - 4*y. Let k(s) = -s**3 + 5*s**2 - 3*s + 8. Let v be k(5). Determine f(v).
-21
Let i(s) = -8*s + 1 - 1 - s**2 - 9. Calculate i(-7).
-2
Let n(d) be the third derivative of d**7/2520 + d**6/360 - d**5/120 - d**4/12 - 5*d**2. Let c(m) be the second derivative of n(m). Give c(1).
2
Let w(f) = -5*f. Suppose -3*u - u = -24. Let o be (u/(-3))/(-4)*-2. What is w(o)?
5
Let o(x) = -1. Let r(b) be the third derivative of b**5/60 + b**4/8 + b**3/6 + 2*b**2. Let t(a) = 3*o(a) - r(a). Determine t(-4).
-8
Let r(b) = 6*b**2 + 2 - b**2 + 0 - 3. Let t be (-4)/(-4) - (2 - 1). Let a = 1 - t. What is r(a)?
4
Let g(l) = -l**2 + 7*l - 2. Let o be 4/(-10)*(-10)/2. Let a be 5/(3 - 2) + o. Determine g(a).
-2
Suppose 11 + 4 = g + 4*c, 0 = 2*g - 2*c. Let d(r) be the third derivative of r**5/60 - r**4/12 - r**3/3 + r**2. What is d(g)?
1
Let s(p) = 0*p + 3 + p + 7. Let u be s(-5). Let i(m) = -5*m**2 + m**3 + 3 - m + m**2 - m**2. What is i(u)?
-2
Let l(a) be the first derivative of -a**3/3 + a**2/2 - 3*a + 1. Let w(n) = -n**3 + n - 3. Let j be w(-2). Calculate l(j).
-9
Suppose -2*g + 20 = 16. Let u(z) = 9*z + 1. Give u(g).
19
Let f(b) be the third derivative of -b**5/60 - 11*b**4/24 + 4*b**3/3 - 2*b**2 - 8*b. Determine f(-11).
8
Let u(x) = x + 3. Let f be u(5). Suppose -4*b - 32 = -f*b. Let n be (-1 - 1)*(-20)/b. Let s(g) = -g + 3. What is s(n)?
-2
Let b(g) be the third derivative of g**6/24 - g**5/30 + g**4/24 - 25*g**2. Determine b(1).
4
Let a(v) = v**2 + 3*v + 3. Suppose -11*n - 29 = -7. Calculate a(n).
1
Let c = -6 + -1. Let g be (42/49)/((-1)/c). Let h(x) = -x**2 + 5*x + 5. Give h(g).
-1
Let v(a) = -2*a + 6. Let q(b) = b**2 - 9*b - 10. Let k be q(10). Suppose k*s = s - 4, 3*i + 2*s - 20 = 0. Give v(i).
-2
Let v(x) = x**2 + 9*x + 2. Suppose 0 = -3*g - 4*s - 30, 5*g + 9 = 6*g - 5*s. Determine v(g).
-16
Let q(z) be the first derivative of z**3/3 - 3*z**2 + 6*z - 21. Determine q(5).
1
Suppose -2*z = -4*z + 4. Let w(s) = -5*s + 2 + 5*s**3 + 2 - 6*s**3 + 5*s**z. Let q be (-34)/(-8) + 9/(-36). Give w(q).
0
Let j(t) = t**3 + 3*t**2 - 3*t - 4. Let i(b) = -2*b + 1. Let q be i(-1). Suppose -q*z = z - 8. Let h be 1/(z*(-3)/18). Determine j(h).
5
Let a(q) be the second derivative of q**6/360 + q**5/60 - q**4/24 + q**3/3 + q. Let n(b) be the second derivative of a(b). Determine n(-3).
2
Let o(x) = x - 7. Suppose 24 = 4*p - 8*p. Let u(i) be the first derivative of -3*i**2/2 + 20*i - 2. Let b(s) = p*u(s) - 17*o(s). Calculate b(1).
0
Let l(j) = 5 - j**2 - 4 - 38*j - 4 + 33*j. Suppose 5*a + 16 = p + a, -3*a = -p + 13. Suppose -2 = p*m - m - 2*c, 2*m + 13 = -c. Give l(m).
1
Let c(t) = -4*t + 7. Suppose 4*u + 8 = 28. Determine c(u).
-13
Let j be 28/5 - (-4)/10. Let z(s) = s**3 - 5*s**2 - 6*s + 5. Let x be z(j). Let m(t) be the first derivative of t**3/3 - 2*t**2 - 4*t - 9. Give m(x).
1
Let a(k) = k**2 - 5*k + 6. Let t(q) = q**2 - 5*q + 6. Let w(f) = -3*a(f) + 4*t(f). Calculate w(6).
12
Let i(s) = 4*s + 4. Let j be (-1 - -3)*25/(-10). Determine i(j).
-16
Let v(d) be the second derivative of -d**5/20 + d**4/12 + d**3/6 + 3*d**2/2 + 31*d. Calculate v(0).
3
Let n(w) = 2*w**2 + 4*w + 3*w**2 - 4*w**2. Let q = 0 + 7. Suppose -3*f - 5 = q. Give n(f).
0
Let q(d) = d**2 + 5*d - 2. Let t be q(-6). Let l(v) = 12*v + 4*v**2 - 5*v**2 - 7*v + 0*v**2 + 2. Give l(t).
6
Suppose -3*m = 2*j + 7, 0 = -5*m + 2*j + 3 - 20. Let l(s) = 1 + 2*s**2 + s - 2 - s**2. Calculate l(m).
5
Suppose 1 = -r + 13. Suppose 3*u - r = 0, 9 = 3*d + 2*u - 5. Suppose d - 6 = 4*l. Let o(t) = 3*t**2. What is o(l)?
3
Let o(s) = -s**3 + 8. Let i be 2 + (-6 - (3 + -3)). Let n be (-12)/30 - i/10. Calculate o(n).
8
Let r(v) = -v**2 - 7*v + 5. Let y(b) = -b**2 - 8*b + 6. Let x(j) = 4*r(j) - 3*y(j). Let g be ((-9)/(-4))/((-6)/(-16)). Let d be (-26)/g + (-4)/6. What is x(d)?
-3
Let b be (-30)/9 + 2/(-3). Let d be (-3)/(-6)*b/(-2). Let l(i) = 3*i**3 + i**2. What is l(d)?
4
Let i(u) = 4*u + 3. Let x be ((-12)/(-8) - 2)*-6. Determine i(x).
15
Let l = 2 + 6. Let b(i) = -4 + 5*i**2 + 8 + l*i - 4*i**2. What is b(-3)?
-11
Let q(t) be the second derivative of t**4/6 - t**3/6 - t + 226. Suppose -a - 3*a - 16 = 4*u, 0 = -5*a - 3*u - 10. What is q(a)?
1
Let g(h) = -h**3 + 5*h**2 + 5*h + 8. Suppose 2*r - 6 = r. Determine g(r).
2
Let o be 0/(-7) + -1 + 19. Suppose 3*k + 4*c = k + o, 0 = -4*k - 5*c + 21. Let i(t) = -t - t - 5 - 8*t**2 + 4. Determine i(k).
-7
Let h(g) = g + 4. Suppose -1 = -2*r - 2*s + 1, 5 = -5*r - 3*s. Calculate h(r).
0
Let d(a) be the third derivative of -a**5/20 + a**4/24 + a**3/3 + 17*a**2. What is d(2)?
-8
Let l(y) = 2*y + 9. Let o be l(-7). Let n(q) be the second derivative of -q**3/6 - 4*q**2 - 4*q. What is n(o)?
-3
Let k(p) = p + 3. Suppose 2*f = 3*f. Let n = 3 + f. What is k(n)?
6
Let q(k) = -k**3 + 5*k**2 - k - 3. Let m = 10 + -5. Calculate q(m).
-8
Let z(f) = f**2 - 3*f - 5. Let b = 9 - 6. Let g be 6/2 + 6/b. Give z(g).
5
Let g be (-9)/(-2) + 6/12. Let v(d) = 1 + 6*d**2 + 6 + g*d - 1 + 2*d + d**3. Calculate v(-5).
-4
Let m(a) = -2*a + 7. Let v(f) = -4*f**3 + f - 12. Let y(b) = -b**3 - 1. Let u(d) = -v(d) + 3*y(d). Let l be u(0). Let n = l + -4. Calculate m(n).
-3
Let k(z) be the first derivative of z**3/3 - z**2/2 - 7*z + 2. Suppose 5*p - 5*v - 25 = 0, p = -5*v - 0*v + 5. What is k(p)?
13
Let s(c) be the first derivative of -c**4/4 - 4*c**3/3 + c**2/2 + c - 5. What is s(-3)?
-11
Let b(u) = u**2 - 5*u - 4. Let a(k) = k - 7. Let s be a(7). Let x = 2 - s. Suppose 5*o = 10, x = z + 2*o - 8. Give b(z).
2
Suppose -2*n = -4*n + 10. Let c(q) = -3*q**2 + 3*q - 5. Let p(i) = 16*i**2 - 14*i + 25. Let z be (-1 - -4) + 0 - 1. Let f(r) = z*p(r) + 11*c(r). What is f(n)?
-5
Let t(j) be the second derivative of -j**5/20 + 5*j**4/12 + j**3/3 - 7*j**2/2 + 4*j. What is t(5)?
3
Let x(j) = j - 7. Let f(q) = 3*q - 1. Let o be (-36)/(-15) + (-4)/10. Let s be f(o). What is x(s)?
-2
Let h(z) be the second derivative of z**3/3 - 2*z**2 + 24*z. What is h(-4)?
-12
Let s be -6 + 4 - (1 - 3). Suppose s = 4*w + 1 - 13. Let v(x) = w - 4 + 0*x + x. What is v(5)?
4
Let a(y) = y - 1. Let w be a(-4). Let p(l) = 3*l**3 + 6*l**2 + 6*l - 8. Let h(c) = 4*c**3 + 6*c**2 + 7*c - 9. Let f(d) = -2*h(d) + 3*p(d). Calculate f(w).
-1
Let p = 2 + 0. Let r(f) = 2 + 1 + p*f - 1 + f**2. Let y = 12 + -14. Give r(y).
2
Suppose -3*k = j + 16, 2*j - 16 - 7 = 5*k. Let m(f) = -8*f + 8. Let i(q) = -q**2 + 9*q - 9. Let b(l) = -2*i(l) - 3*m(l). Determine b(k).
14
Let p(q) = 3 - 2 + 3*q + 3*q**2 - 4*q**2. Suppose -4*w - 5*a + 3 = 0, 5*w - 4*a - 14 = -0*a. Determine p(w).
3
Let h(c) = 6*c**2 + 2 + 3*c + 0 - c**3 - 1 + 3*c. Give h(7).
-6
Let p(a) = 2*a**3 - a. Suppose -5*g - 46 = -2*q, -2*q + 0*g + 34 = g. Let k be ((-4)/6)/((-12)/q). Determine p(k).
1
Let y(c) = c**3 + 3*c**2 - 4*c + 4. Let t be y(-4). Let a(o) = 17 - t*o - 5 - 8 - 5. What is a(1)?
-5
Suppose -5*k = -5*w + 95, -4*w + 9*w = 2*k + 110. Let x = 51 - w. Suppose n - 4*n + 29 = -4*o, -4*n = -3*o - x. Let s(c) = -c - 4. Calculate s(o).
1
Let u(a) = -a. Let d(c) = -4*c - 1. Let l(p) = d(p) - 5*u(p). Let m(z) = z**3 + 7*z**2 + z + 9. Let h be m(-7). What is l(h)?
1
Let m(i) be the second derivative of -i**3/6 - i**2 + 19*i - 2. Calculate m(-4).
2
Let v(x) be the third derivative of 11*x**6/120 - x**5/30 + x**3/6 + 5*x**2. Let j = 5 + -6. What is v(j)?
-12
Let u(d) be the first derivative of d**7/840 + 11*d**4/24 + d**3 - 3. Let b(h) be the third derivative of u(h). Determine b(0).
11
Let g be 4 + (-1)/2*-2. Suppose -g*d = -d + 16. Let s(a) = a**2 + 4*a - 1. Calculate s(d).
-1
Let c(g) = -2*g**2 - 1. Let l(k) = 3*k + 3 - 5 + 5. Let w be l(-5). Let i be w/6 + 1 + 2. What is c(i)?
-3
Let f(w) = -